 m*g + 50 = 0. Calculate the remainder when 14 is divided by g.
4
Let t(y) = 9*y + 106. Calculate the remainder when t(-9) is divided by 13.
12
Let b be 438*(16/6 + -2). Suppose -x - 509 = -s, x - 4*s + 202 = -b. What is the remainder when 8/(-20) - x/10 is divided by 13?
12
Let q = -12 - -21. Suppose 8 - q = -f. Calculate the remainder when 4 is divided by f.
0
Let b = 81 - 55. Calculate the remainder when 114 is divided by b.
10
Let m be 99 + (-2 + 3 - 2). Suppose 5*u = -o + m, o - 211 = -o + 5*u. What is the remainder when o is divided by 26?
25
Suppose 99*i = 838 + 2825. Calculate the remainder when 71 is divided by i.
34
Suppose 0 = -5*k, 0 = -3*z - 4*k - 24. Let h = 17 - -3. Calculate the remainder when (-4)/(z/(-39))*-2 is divided by h.
19
Suppose d - 1 = 12. Suppose -5*r + 36 = -z + d, -z = 3*r - 17. Calculate the remainder when 7 is divided by r.
2
Let t(f) = f**2 - 37*f + 275. Suppose -33 = -3*m + 2*m. What is the remainder when m is divided by t(10)?
3
Suppose -o - 3*b + 16 = 0, 0 = 5*o - 5*b - 35 - 25. Let w(j) = 53*j + 71. Calculate the remainder when w(-1) is divided by o.
5
Let n(w) = 45*w + 331. What is the remainder when 236 is divided by n(-7)?
12
Let c(w) = -w**3 - 17*w**2 + 39*w + 48. Calculate the remainder when 85 is divided by c(-19).
27
Let m = 788 + -777. Calculate the remainder when 52 is divided by m.
8
Let p = -3 + 9. Suppose h - p*h - 2*m = -69, -5*h - 5*m + 60 = 0. What is the remainder when h is divided by 4?
3
Suppose -4*d - 60 = d. Let o = d - -7. Calculate the remainder when (480/75)/((-1)/o) is divided by 11.
10
Let m = 3147 - 3080. Calculate the remainder when m is divided by (15/2)/((-3)/(-4)).
7
Let b(m) = -m**3 - 32*m**2 - 123*m + 65. Calculate the remainder when b(-28) is divided by 72.
13
Let n = -910 - -972. Calculate the remainder when 109 is divided by n.
47
Suppose -t - 64 = -5*t. Suppose 208 = 3*z + 19. Calculate the remainder when z is divided by t.
15
Suppose -2*v + 3*l = -19, 2*l = -v + 11 + 9. Calculate the remainder when 82 is divided by v.
12
What is the remainder when (-1)/((-4)/(-268)*-1) is divided by 43?
24
Let d(p) = -21*p + 1. Let q be d(-1). Suppose 19*h = q*h - 75. Calculate the remainder when 96 is divided by h.
21
Suppose 3*n - 17*j + 20*j - 216 = 0, j = 5*n - 342. What is the remainder when 177 is divided by n?
39
Calculate the remainder when 14 is divided by (-7)/(56/(-72))*1.
5
Let c(r) = r + 5. Calculate the remainder when (-4 + 18/4)*(23 - -9)/8 is divided by c(-3).
0
Let n(m) = -5*m + 12. Calculate the remainder when n(-10) is divided by 18/(-2) + 8 + 1 + 5.
2
Let z(v) = v**3 - 7*v**2 + 7*v + 2. Let h be z(5). Let j = 2 - h. Let c = 144 + -85. Calculate the remainder when c is divided by j.
14
Let s(j) = j**3 - 6*j**2 + 2*j - 14. Let w be s(7). Suppose 0 = -42*g + w*g - 252. Calculate the remainder when 65 is divided by g.
29
Suppose -4*r + 18 - 374 = -4*v, v + 4*r = 104. What is the remainder when 181 is divided by v?
89
Suppose -2*j + 4*j = 28. Suppose 0 = -x - 2*l + 13 + 38, -5*l = -2*x + 120. What is the remainder when x is divided by j?
13
Let f = -565 - -633. Suppose d - 6 = 32. What is the remainder when f is divided by d?
30
Suppose -11*l - 4*l = -1455. Let s = -56 + l. Calculate the remainder when s is divided by 9.
5
Let u(x) = -4*x + 30. Calculate the remainder when 351 is divided by u(2).
21
Let b = -648 + 666. What is the remainder when 66 is divided by b?
12
Let g be (-4)/((-2 - -3) + -5). Suppose 0*j + 4*h + 8 = -3*j, g = 4*j + 3*h. What is the remainder when j is divided by 3?
1
Suppose 5*s + 3*w - 115 = 0, 0 = -3*s + 6*s + w - 65. Suppose -116 = s*n - 24*n. What is the remainder when 86 is divided by n?
28
What is the remainder when 114 is divided by ((-1744)/30)/(-1) + (-78)/585?
56
Suppose -116 = -t - 4*x + 8*x, -3*t = 5*x - 416. Calculate the remainder when t is divided by 45.
42
Let r = 185 - 309. Let m = r - -146. Calculate the remainder when 32 is divided by m.
10
Suppose -12*z = -176 - 352. Calculate the remainder when z is divided by 4.
0
Let b = -1365 + 1418. Calculate the remainder when 166 is divided by b.
7
Let k(l) = l**3 - 36*l**2 + 7*l - 128. Calculate the remainder when k(36) is divided by 14.
12
Suppose -17*c = -80 - 702. What is the remainder when c is divided by 12?
10
Suppose -4*c = -2*c. Suppose w + 2*m + 162 = c, -m - 915 = 4*w - 281. Calculate the remainder when w/(-4) + 5/(-10) is divided by 21.
18
Let s(y) = -y**2 - 13*y - 13. What is the remainder when 2/6 + -13*32/(-12) is divided by s(-11)?
8
Let x(z) = -1 + 5*z**3 + 3*z**2 - 2*z**2 + 13*z**3. Let w = 6 - -81. Calculate the remainder when w is divided by x(1).
15
Let u(n) = -11*n - 22. Let p be u(12). Let g = 180 + p. What is the remainder when 127 is divided by g?
23
Let r(y) be the first derivative of y**2 + 3*y + 8. What is the remainder when r(16) is divided by 20?
15
Suppose 36*l - 322 = 13*l. Calculate the remainder when 317 is divided by l.
9
Let f(n) = 7 + n**3 + 7*n - 4 + 14*n - 8*n**2 - 8*n. What is the remainder when 15 is divided by f(6)?
6
Let z = 1359 - 1227. Calculate the remainder when z is divided by 60.
12
Let c = 43 - 23. Suppose -2*b = 7*b - b. Suppose 5*y = h + 2*y - 26, b = -4*h - 4*y + 24. What is the remainder when c is divided by h?
9
Suppose 0 = -3*g + t + 33, -5*g + 2*t = -86 + 31. Calculate the remainder when g is divided by 4.
3
Let n(a) = -3*a + 98. What is the remainder when 130 is divided by n(29)?
9
Suppose 0 = -9*z - 4*z + 65. Suppose -z*m - 2*o + o = -488, o + 296 = 3*m. Calculate the remainder when m is divided by 10.
8
Suppose -13*p + 24 + 15 = 0. Suppose -p*u = -13 - 14. Calculate the remainder when 26 is divided by u.
8
Let j(d) = d**3 - 16*d**2 + d + 1. Let y be j(16). Let w(v) = v**3 - 17*v**2 - v + 23. Calculate the remainder when 32 is divided by w(y).
2
Let i = -114 + 131. Calculate the remainder when 29 is divided by i.
12
What is the remainder when 18 is divided by (-189)/(-9) - (-12)/(-2)?
3
Suppose 0 = 2*g - 3*r - 68, -235 + 99 = -4*g + 2*r. What is the remainder when g is divided by 27?
7
Suppose d + 5*d + 12 = 0. Suppose -3*v + 78 = -0*v. Calculate the remainder when 0 - (d - -1)*51 is divided by v.
25
Suppose 3*n + 0*n - 6 = 0. Suppose -4*t + 21 = 1, -n*t = 4*j - 74. Let l = -402 + 449. What is the remainder when l is divided by j?
15
Suppose 3*p = -2 + 71. Suppose v = -1 + p. Let z(o) = -o**3 - 6*o**2 + 14*o - 8. Calculate the remainder when v is divided by z(-8).
6
Suppose 3*u = 3*q, 4*u - 6*q - 35 = -9*q. Calculate the remainder when 18 is divided by u.
3
Let n = -30 + 15. Let c = n - -20. What is the remainder when 2/(-7) - 384/(-21) is divided by c?
3
Let n = -2 + 2. What is the remainder when 26 - n/(-5) - -3 is divided by 11?
7
Let q = 134 - 100. Calculate the remainder when q is divided by 5.
4
Let k(y) = 2*y - 25. Let z be k(11). Let n(o) = 5*o + 24. Calculate the remainder when n(z) is divided by (-3)/4*-2*2.
0
Let q be 10704/20 + 2/(-10). Suppose -16 = -4*t, -5*a + 4*t + q - 66 = 0. What is the remainder when a is divided by 25?
22
Let y(n) = 2*n**2 + 6*n + 1. Calculate the remainder when y(6) is divided by 56.
53
Let o = -177 + 250. What is the remainder when o is divided by 25?
23
Let l(u) = -u**2 - 6*u + 7. Calculate the remainder when l(-5) is divided by 10.
2
Suppose -33*m + 31*m + 172 = 0. What is the remainder when 512 is divided by m?
82
Let j(w) = -w**2 + 13*w - 9. Suppose -91 = -4*o - 43. Calculate the remainder when (10/8)/(1/4) is divided by j(o).
2
Let a(r) = 41*r - 322. Let v(n) = 3*n + 2. Calculate the remainder when a(9) is divided by v(2).
7
Suppose -22*l - 34 = -20*l. Let r(x) = x**2 + 16*x + 18. What is the remainder when r(l) is divided by 12?
11
Suppose -2 = -3*n + 4. Suppose 4*i = n*i + 126. Suppose 5*o - i = 2. Calculate the remainder when o is divided by 5.
3
Suppose 3*x = -4*m + 800, 30*m = 32*m - 3*x - 418. What is the remainder when m is divided by 28?
7
Suppose -2*a - v + 79 = 0, -2*a + 2*v + 127 = 39. What is the remainder when a is divided by (-161)/(-14) + (-2)/4?
8
Let h(y) = -4*y**2 + 5*y - 3 - 2*y**2 + y**3 - 3*y. Suppose 22*t = 307 + 265. What is the remainder when t is divided by h(6)?
8
Suppose 0 = -5*p + 3*f - 70, f = 5*p + 4*f + 40. Let l = p - -19. What is the remainder when 11